be k(q). Calculate j(g).
-4
Suppose 0 = 10*j - 4*j + 18. Let f(d) = -6*d - 3. Give f(j).
15
Let a(u) = -u - 3*u + 2*u + 3 - u**2 + 0. Calculate a(-3).
0
Let j(u) = -u**3 + 5*u**2 - 2*u + 7. Let r(s) = s**3 - 11*s**2 - 24*s - 21. Let a be r(13). What is j(a)?
-3
Let l(d) = d**2 - 7*d - 1. Let b(i) = i. Let s(u) = 5*b(u) + l(u). Determine s(2).
-1
Let h(w) be the third derivative of w**4/24 + 17*w**3/6 + w**2. Determine h(0).
17
Let m(o) = -4*o**2 - 7*o + 4. Let a(t) = t**2 + 2*t - 1. Let d(p) = 7*a(p) + 2*m(p). Let i(j) = 2*j**2 + 4*j + 1. Let w(b) = -3*d(b) - i(b). Determine w(4).
-4
Let n(l) = l**2 - 8*l + 1. Let k be ((-36)/15)/((-6)/20). Let g be 9/2 - (-12)/k. What is n(g)?
-11
Let i(t) be the third derivative of -t**4/12 - 2*t**3/3 - 5*t**2. Determine i(-5).
6
Let q(a) = 2*a - 4. Suppose 5*o - 2*c + 5 = 0, 4*o + 5*c + 2 = -2. Let g be (0 + o)/(3/(-9)). What is q(g)?
2
Let g(c) = c**2 + c. Let j(n) = -7*n**2 - 11*n. Let i(m) = -6*g(m) - j(m). What is i(-5)?
0
Let i(d) = 14*d - 45*d + 15*d + 26*d. Calculate i(1).
10
Suppose 6 = 5*t - 14. Let m(w) = -2*w + 2 + 2 - 2 - t*w**2 + w**3. What is m(4)?
-6
Let a be 8/6*(-18)/(-8)*-2. Let l(y) = -4*y + 0 - 4 - 3*y - y**2. Determine l(a).
2
Let j(m) be the third derivative of m**4/24 + 35*m**2. Suppose 4 = -0*o + 2*o. Calculate j(o).
2
Let q(l) = 3*l**2 - 2*l - 2. Let m be q(2). Let a(s) = s. What is a(m)?
6
Suppose -6*u + 19 = -5. Let f(w) = -w - 2. Give f(u).
-6
Let t(r) = -r**3 + 4*r**2 - 2*r. Let n(p) be the first derivative of -p**3/3 - 5*p**2/2 + 2*p + 3. Let c be n(-5). Calculate t(c).
4
Suppose 9*q = 4*q - 3*p - 10, 5*p = -q - 24. Let y(z) = 7*z - 1. What is y(q)?
6
Suppose -3*i + 20 = 2*i. Suppose 0 = i*x + 7 - 19. Let n(b) = -b**3 + 2*b**2 + b + 2. What is n(x)?
-4
Let c(i) = -i**3 - 4*i**2 - i - 2. Let l(z) = -z**2 - 4*z + 1. Let r be l(-6). Let v = 7 + r. Give c(v).
2
Let f(n) = 6*n**2 + 6*n**2 + 1 - 14*n**2. Calculate f(-2).
-7
Let k(t) be the second derivative of t**5/20 - t**4/4 - 2*t**2 + 12*t. Give k(3).
-4
Let b(f) = f**3 - f + 8. Let p(m) be the first derivative of m**2/2 + m + 1. Let c be p(-1). Give b(c).
8
Suppose v - 2 - 4 = 0. Suppose -v*w - 9 = -3*w. Let s(c) = -c**2 - 3*c - 2. What is s(w)?
-2
Let q(u) be the second derivative of -u**5/20 - 7*u**4/12 + u**3/6 + 5*u**2/2 - 13*u + 2. What is q(-7)?
-2
Let l be (29 - 25)*6/4. Let d(z) = z**2 - 5*z + 1. Give d(l).
7
Let g = 32 + -24. Let f(q) = q**2 - 9*q + 11. Give f(g).
3
Let l(x) = 2*x - 1 - 1 - x. Let p be l(-3). Let k(f) be the first derivative of -f**2/2 - 18. What is k(p)?
5
Let x(c) = 5*c**2 - 3*c - 4. Let l(a) = -6*a**2 + 3*a + 4. Let o(q) = 6*l(q) + 7*x(q). Let z be o(-3). Let y(j) = j**2 + 7*j + 4. Determine y(z).
-8
Let x(o) = -o**3 + 3*o**2 - 2*o + 2. Let t be x(2). Let f(n) = n**3 - 2*n**2 + 2*n - 1. Give f(t).
3
Let z = -20 - -26. Suppose 0 = -2*g + l - z, g - 4*g = 5*l + 9. Let u(j) = -j**3 - 2*j**2 + 2*j. Give u(g).
3
Let n(b) = b**3 - 8*b**2 + b - 3. Let o be n(8). Let m(x) = -x**2 + 6*x. Calculate m(o).
5
Let c(p) be the second derivative of p**7/840 - p**6/72 - 5*p**4/24 + p**3/2 - 4*p. Let n(l) be the second derivative of c(l). Determine n(5).
-5
Suppose 0 = 2*j + 5*p + 47, 8 = -j - 3*p - 17. Let d = 11 + j. Let v(o) = -o - 6. Determine v(d).
-1
Let j(w) = w**3 - 4*w**2 + 4*w - 3. Let m(v) = v**2 - 5*v - 3. Let t be m(6). What is j(t)?
0
Suppose m = -0*m - 6. Let y be 1/6 + (-29)/m. Let s(x) = 5*x**2 - 2*x - 11. Let w(t) = -14*t**2 + 5*t + 32. Let l(d) = 17*s(d) + 6*w(d). Determine l(y).
10
Let u(c) be the third derivative of 7*c**5/20 - 5*c**2. Determine u(1).
21
Let l = -13 - -13. Let r(z) = z**2. What is r(l)?
0
Let j(x) be the first derivative of -2*x**3/3 - 4*x**2 - 3*x + 1. Let d be 1/(14/5 - 3). Determine j(d).
-13
Let m be (3 - -12)*(-4)/(-6). Let w be (4/(-10))/((-2)/m). Let q(b) = 9 + b + 6*b + b**2 - w. Determine q(-5).
-3
Let c(y) = y**2 - 6*y + 1. Let o be (6/18)/(2/24). What is c(o)?
-7
Suppose -y + 2*y = -2*p + 5, 0 = 3*y + 4*p - 21. Let u(c) = 2*c + 11. Let w(v) = -v - 6. Let b(m) = y*w(m) + 6*u(m). Let k = 5 - 0. Give b(k).
5
Let q(f) be the third derivative of -f**6/120 - f**5/20 + f**4/6 + f**3/3 - 5*f**2. What is q(-4)?
2
Let o(d) = -d + d + 3*d + 7. Let s(c) = c. Let i be s(5). Suppose 0 = -2*w + i*h - 5, -5*w + 4 = 4*h + 33. What is o(w)?
-8
Let t(j) = -j**2 - 5*j - 1. Suppose -4*s - 26 = -2*i, -20 = s + 4*i - 9*i. Let k be t(s). Let o(y) = 4*y + 1. Calculate o(k).
-3
Let x(o) = -o**2. Let f be x(1). Let b be f/(-1*2/10). Let a(n) = n**3 - 6*n**2 + 5*n - 6. What is a(b)?
-6
Let c(d) be the second derivative of -d**3/2 + 7*d**2/2 - 2*d. What is c(5)?
-8
Suppose 5 = -o - 1. Let r be 1 + (-1)/(1/(-2)). Let g(w) = r*w + 1 + 0*w - 4*w. Give g(o).
7
Let b(n) = 1 + 0 + 2*n - 3. Let c = 19 - 22. Determine b(c).
-8
Let a(h) = -h**3 - 12*h**2 + 13*h + 2. Let m be a(-13). Let o = 5 + 0. Let y(x) = -x**2 - 3 + o - 2*x + 0. Determine y(m).
-6
Let f(l) = -l**3 + l + 7. Suppose 0 = -0*o - 4*o. Give f(o).
7
Let y(g) = -g**2 + 7*g - 4. Let f be y(6). Let v(h) = 0*h + h**2 + 5 - 4 + f*h. Calculate v(-1).
0
Let f(l) = -2*l**2 + 4*l**2 + 0*l**2. Let t = 91 + -89. Give f(t).
8
Let d(s) = s**2 - 9*s - 3. Let r(b) = -b**3 - 5*b**2 + 5*b + 3. Let j be r(-6). Let h be d(j). Let w(u) = u**3 + 3*u**2 + 2. Determine w(h).
2
Let g(l) be the second derivative of -l**8/6720 - l**7/504 - l**6/720 - l**5/120 - l**4/4 + 2*l. Let r(v) be the third derivative of g(v). Calculate r(-5).
4
Let d(f) = -f - 6*f**2 + 2*f + f**3 + 2 + 11*f**2 - 6*f. Determine d(-6).
-4
Let v = -7 + 6. Let i(p) = -2*p**3 + p. What is i(v)?
1
Let t(h) = -h**2 - 3*h + 3. Let o(a) = -a + 1. Let l(c) = 3*o(c) - t(c). Determine l(-2).
4
Let r(d) = 4*d - 4. Let w = 7 - 6. Let n(t) = 4*t**3 - t**2 - t + 1. Let p be n(w). Determine r(p).
8
Let q(l) = 5*l**3 - 19*l**2 + 5*l - 2. Let g = 5 + -9. Let c(m) = 3*m**3 - 10*m**2 + 3*m - 1. Let d(i) = g*q(i) + 7*c(i). What is d(-6)?
-5
Suppose -11 - 19 = -5*s. Let n(y) = y**3 - 6*y**2 + 2*y - 2. Calculate n(s).
10
Let a be (2 + -1)/(-1 + 2). Let w(x) = 2*x - x**2 + 3 - 3 + a. Determine w(3).
-2
Suppose 5*t = -5*l - 45, 0*l + l - 3*t = 11. Let j(b) be the first derivative of 3*b**2/2 + 2*b + 2. Give j(l).
-10
Let h(v) be the second derivative of v**5/60 + v**3/6 + v**2/2 - v. Let d(s) be the first derivative of h(s). Let w be 1/3 + 2/(-6). Give d(w).
1
Let k(v) be the first derivative of -v**3/6 + v**2 - 2*v - 3. Let h(a) be the first derivative of k(a). Suppose 20 = -3*s - 2*s. What is h(s)?
6
Let q(f) be the first derivative of -2*f**2 - 2*f + 10. Give q(-3).
10
Let u(m) = -5*m**3 + 31*m**2 + 25*m - 36. Let s(l) = -l**3 + 6*l**2 + 5*l - 7. Let z(h) = 11*s(h) - 2*u(h). Suppose 3*d - 6 - 9 = 0. Determine z(d).
-5
Suppose 4*w - a + 24 = 3*a, 4*w + 3*a = -17. Let p(l) = -4 + l**2 + 2 + 2 + 6*l + 2. What is p(w)?
-3
Let l(v) = v + 5. Let p(w) = 3 + 2 - 3 - 3. Let f(k) = l(k) + p(k). What is f(-2)?
2
Let v(s) = 2*s + 5. Suppose -2*f + 5*c - 14 + 4 = 0, 5 = -f - 4*c. Calculate v(f).
-5
Let x(m) = -2*m. Let h(g) = -g**2 - 3*g - 3. Let k be h(-2). Let d be x(k). Let u(p) = -p**3 - 5*p**d - 9*p + 5*p + 0*p**2. Give u(-3).
-6
Suppose 2*j + 20 = -4*t - 18, t + 3*j + 2 = 0. Let x = 11 + t. Let g(s) = s**2 + s + 6. Give g(x).
6
Suppose 32*a + 8 = 36*a. Let m(j) = 3*j**2 - 3*j + 1. What is m(a)?
7
Let y(t) = 2*t + 1. Let x(w) = w**2 - 12*w - 1. Let v be x(12). Give y(v).
-1
Let u(x) = -x**3 + 5*x**2 + 5. Let s be ((-10)/(-6) - 2)*-6. Suppose 8 - s = y. Let a be (-4)/y - (-34)/6. Calculate u(a).
5
Let k(i) = -i + 1. Suppose 5*j - 5*m - 35 = 0, 0 = -5*j - m + 41 + 12. Let p(d) = 10*d - 3 - 2*d**2 - 5*d**2 + 6*d**2. Let t be p(j). Give k(t).
4
Suppose 4*b - 28 - 5 = -5*m, 4*b - m - 3 = 0. Let j(u) = u - 3. What is j(b)?
-1
Let k = -26 - -31. Let t(d) = -d + 2. Calculate t(k).
-3
Suppose 0 = -3*d + j + 14, -3*d + 6*j - j = -22. Let u = d + -5. Let o(x) = -3*x - 1. Let a(w) = 2*w + 1. Let i(s) = 5*a(s) + 4*o(s). Determine i(u).
3
Let i(a) = -7*a**3 + 2*a**2 - 2*a + 1. Suppose -5 = 22*u - 27*u. Calculate i(u).
-6
Let u(j) = -j**2 + 2*j + 4. Let l be u(4). Let g(r) = r**2 + 6*r + 2. Let z be g(l). Let q(m) = 1 - m**2 + 6*m + 2 - 13*m + 2*m. What is q(z)?
-3
Let q(c) be the first derivative of -8*c**3/3 + c**2/2 - 15. What is q(1